.
-6
Evaluate (5 + -1 - (-8 + 6 + 4)) + 4.
6
-3 - ((-8 - -17) + -9 - (1 - -10))
8
What is the value of (8 - -2 - (4 + -20)) + -2?
24
What is the value of -17 + -14 + 3 - -24?
-4
Calculate -7 + -1 - (735 - 725).
-18
What is 1 + 18 - (-1 - 0 - (-5 + -7))?
8
Calculate 9 + (2 - 23) + 21.
9
What is the value of 2 - 28 - (-29 - (-30 - -10))?
-17
Calculate (10 + -14 + -14 - -5) + 12.
-1
Calculate 7 - 1 - (10 + (-10 + -8 - 4)).
18
What is the value of (-2 - -9) + 5 + (33 - 32)?
13
What is the value of -12 - (-1 - (1 - (4 + -4)))?
-10
What is 334 + -346 + (-1 - -2 - -3)?
-8
(0 - (-9 - -5)) + (-19 - (-17 - 7))
9
Calculate 12 + -24 - (-4 + 7 + -6) - 11.
-20
What is the value of -21 - (27 + (17 - 43))?
-22
Calculate 2 + -11 - (-100 - -59).
32
What is 1 + (-4 - -3 - 7) + 17?
10
-7 - -2 - -4 - (61 + -76)
14
Evaluate 0 + 0 - (-4 + 1) - (-93 + 81).
15
What is the value of (-82 - -115) + -5 + (6 - 4) + -6?
24
-28 + (-6 - (-2 - 10)) + (-1 - -3)
-20
What is -20 + (2 - -15) + 25?
22
(-13 - (13 - 23)) + -10 - -6
-7
What is -22 + 13 + 5 + (-1 - -12) - 5?
2
What is the value of 7 + -1 - (105 + -95)?
-4
Evaluate -16 + (-20 - -32) - (7 - -5).
-16
What is the value of -1 + 12 + 0 + (-34 - -40) + 0?
17
What is the value of (-63 - -20) + 8 - -16?
-19
Evaluate -26 + (6 - (-5 - (-12 - -8))) + 4.
-15
What is the value of -2 + -3 + -15 + 11?
-9
-5 + (-12 - -2) + (17 - 7)
-5
Calculate (11 - 0) + -4 - (12 + 1).
-6
Evaluate (8 - -7) + -10 + -14 - -29.
20
What is the value of (-3 - 4) + 2 + -19 + 14?
-10
Calculate (-3 - -18) + -20 + 0 + -15.
-20
Calculate 29 - (41 + -26) - (10 - 4).
8
What is the value of -8 - -24 - (0 + 8 + (-2 - 3))?
13
What is 6 - (-11 + 5 + (6 - -19))?
-13
Calculate -7 - (20 - (13 - 11)).
-25
-2 + (6 - 1) - ((80 - 67) + 3)
-13
What is 1 + -1 - -9 - (-6 + 40 + -31)?
6
24 - ((3 - 2) + 15)
8
What is the value of -7 - (-9 + -2) - (-3 - 0)?
7
Evaluate -7 + (-8 - -1) + 9 + -4.
-9
What is -16 - (0 - 9 - (-42 + 56 + -18))?
-11
2 + -2 + -5 + -5 - (40 - 73)
23
Calculate -6 + (9 + -5 - (-7 + (-4 - -8))).
1
Evaluate 14 - (14 + -10) - 9.
1
What is -52 - -49 - (6 + (-2 - -8))?
-15
What is the value of -10 + 21 + -47 - -16?
-20
What is 34 + -34 + 0 + 8?
8
What is the value of -17 + (16 - (-4 + -3)) - 10?
-4
What is the value of (13 - 1 - 29) + -5 + 9?
-13
Calculate 14 - (-27 + 62 - 39).
18
Calculate 23 - ((9 - 5 - -1) + 4).
14
(-1217 - -1230) + (2 - (-1 + 0)) + 1
17
Calculate -11 + 5 - (-119 - -86).
27
What is the value of -34 + 2 + -309 + 319?
-22
Calculate -12 + 15 + -8 - 8.
-13
Calculate 4 + 1 - 0 - (23 - (20 + 7)).
9
What is the value of -2 + 3 + (-13 - (0 - 3))?
-9
(6 - 25) + 105 + -112
-26
Calculate (-14 - 17) + 14 + 5.
-12
What is (-4 - -13 - (2 + -11 - -6)) + 5?
17
0 + (0 - -6) - (9 - 1) - 22
-24
Calculate (-26 - -7) + 10 - 0.
-9
Evaluate 3 + 1 - (3 - 3).
4
Calculate -11 - ((-12 - (-8 - 0)) + 4).
-11
Evaluate 4 + -44 + 39 + (2 - 0).
1
Calculate -13 - (-12 - 4) - 15.
-12
Calculate -17 + 20 - (-5 + 12 + -2 + -18).
16
What is the value of 2 + -1 - (1 + 6) - 13?
-19
Evaluate (6 - (0 - (-1 - -5))) + -7.
3
What is -12 + (2 - (-16 - (-17 - -16)))?
5
What is the value of (8 - (0 - (-2 - -3)) - -2) + 0?
11
Calculate -33 + (7 - (-24 - -18)).
-20
Evaluate 831 - 791 - (1 + 24).
15
What is 10 + (34 - 43) + (0 - -4) + 16?
21
What is the value of 6 + (-11 - (6 - (9 + 15)))?
13
-8 - (0 + -10) - -9
11
Calculate 3 + (0 - 1) + (47 - 41).
8
Calculate 70 - (-34 - (-96 - -26)).
34
Evaluate 4 - (-2 - (10 + -5 - 7)) - 0.
4
What is 5 - ((5 - 1) + 6 - -3) - -3?
-5
What is (0 - 6) + (32 - 19) - -2 - 4?
5
Calculate (2 + 0 - (4 - 13)) + (21 - 25).
7
-4 - ((-4 + -8 - 1) + -3)
12
Evaluate -1 + -25 + -123 + 131.
-18
Evaluate (-2 - (-1 + -1)) + -24 + -1 + 28.
3
Calculate -1 + -1 - ((12 - 15) + 10 + -14).
5
-6 + (-6 - -8) + 3 + -9
-10
Evaluate (13 - 0) + (-23 + -25 - -29).
-6
3 + (-33 - -20 - -9)
-1
-2 - 5 - -4 - (18 + -16)
-5
-10 + (-4 - (-1 + -6)) + -13
-20
Evaluate (-23 - -17) + -7 - -14.
1
What is the value of 7 + -7 + (-4 - 7)?
-11
What is the value of -2 + (0 - 5) + 84 + -83 - -29?
23
What is the value of -2 + (0 - -13) + (7 - 15)?
3
What is the value of 1 - (-2 + 2 + 3 + -8) - -6?
12
Evaluate 4 - (-14 - (-10 - -3)) - -1.
12
What is the value of 81 + -80 + (-6 + (-2 - -4) - 0)?
-3
-3 - -38 - (124 - 122)
33
(1 - -7) + (-17 - (11 - 31)) - 4
7
What is the value of (-123 - -93) + (1 - -26)?
-3
What is -6 + -1 - (-12 - (10 - 12) - -13)?
-10
What is the value of -22 - (-20 - -13) - -12?
-3
-44 - -33 - (-31 + 2) - 4
14
Evaluate 3 - (-4 - (-5 - 1) - -6).
-5
Evaluate -27 + (28 - (-13 - -7)).
7
Calculate -12 - (-8 + -2 + 3) - (-1 - 4).
0
Calculate 31 + -14 + (-59 - -21).
-21
Calculate 601 + -603 - (1 + -6).
3
What is the value of -93 + 92 + (3 - 2)?
0
-9 + 29 + -8 - 23
-11
What is the value of 17 + -20 + 5 + -9?
-7
Evaluate (-1 - (-2 - -3)) + (-3 - (-9 + 4)).
0
What is the value of 15 + (-20 - -8) + (-1 - -5) - -1?
8
What is the value of -11 + 12 + -15 + -7 + -5?
-26
Calculate 7 - 6 - (-10 + (8 - 6)).
9
What is -10 + -1 + -11 - -18?
-4
Evaluate (-21 - -39) + 1 + -3 + -6 - 0.
10
Calculate 2 + (12 + -8 - 1).
5
-8 + 2 - ((-23 - 6) + 5)
18
(-1 - 27 - -27) + (1 - -2)
2
-14 + 29 + -7 + -7
1
What is the value of -2 - (-2 + (1 - -6) + 76 + -73)?
-10
Calculate 2 - -1 - (-40 + 35).
8
Evaluate 5 + (4 - (-5 - -4) - 7) + 7.
10
8 + 0 - (17 + -1 + -20)
12
What is the value of -11 - (-11 - 0) - 2?
-2
Calculate 1 + -36 + (58 - 43).
-20
What is -151 - -155 - (0 + 2 - 5)?
7
What is the value of -24 + 18 + -4 + 1 + 4?
-5
(15 - 79 - -34) + 52
22
-211 + 220 + (2 - 18)
-7
Evaluate -4 + -41 + (9 - -27).
-9
Calculate 5 - (3 + 15 + -5).
-8
What is (17 - 1) + -2333 + 2288?
-29
4 - (-6 + 9 - -3 - 12)
10
What is -27 + -22 + 70 - -2?
23
Calculate -12 + (1 - 16 - -24).
-3
Calculate (-72 - -32 - -57) + -32 + 1.
-14
What is the value of -35 + 20 + (-3 + 1 - -9) + 6?
-2
Evaluate 11 - (-8 - -12) - (4 + 3 + -8).
8
What is the value of 26 - (-7 + (12 - -9))?
12
(-2 - 17) + 13 + 0
-6
What is 125 - 126 - (-1 + 5) - -3?
-2
Evaluate 32 + -18 + -7 + 16.
23
What is -27 + -22 + 37 - 0?
-12
What is the value of 39 + -16 + -10 - 9?
4
What is the value of 13 - (1 - -1) - (32 + (-55 - -15))?
19
What is -7 + -42 + 18 + -10 + 0 - -3?
-38
What is the value of -60 + -19 + 49 - -7?
-23
Calculate (48 - 51) + (1 + -10 - (12 - 9)).
-15
Evaluate 2432 - 2421 - (0 + -2 + 50 + -2).
-35
What is -7 + 10 - (-8 - -30)?
-19
Evaluate 40 + (16 - (-23 + 59)).
20
Evaluate 2 - (2 + 0 - -9).
-9
What is the value of (6 - 11) + (-10 - -5 - 12)?
-22
Calculate 4 + -10 + 4 + -2 - 5.
-9
-3 - (-3 - (14 + -15))
-1
What is the value of -8 - (-9 - (-22 + 12))?
-9
20 - 3 - 36 - -34
15
What is -19 + (9 - (27 + -28))?
-9
-5 + (1 - (3 + 4 - 4))
-7
Calculate 3 + 30 + (27 - 50).
10
What is the value of -22 - (18 + -42) - (2 + -14)?
14
Evaluate 79 + -77 + 19 + -3.
18
Calculate (14 - 20 - (0 + -19)) + -36 + 37.
14
Evaluate 0 - (11 - 1 - ((13 - -12) + -22)).
-7
What is 36 + (-71 - -27) - (-3 + 0 - 2)?
-3
What is the value of -7 + (-2 + 2 - -4) - (-8 + 6)?
-1
Evaluate -22 + 3 + (0 - 8 - (-26 + 19)).
-20
What is the value of 5 - (10 - 7 - -9 - -1 - 1)?
-7
What is 7 - -2 - (-11 - (-11 - (-8 + 10)))?
7
Calculate (2 - 1 - -2) + 512 + -500 + -4.
11
Calculate 18 + 1 - (2 + 7) - 8.
2
19 + -2 + (-3 + -5 - 14)
-5
Evaluate (-48 - -2) + 50 + (-2 - 12).
-10
What is the value of 17 + -48 - (-32 - 31)?
32
What is -106 + 96 - (-8 + 0)?
-2
What is the value of (8 - 2 - -22) + (-17 - -3) + 7?
21
What is 0 + (-9 + 1 - -5 - -4)?
1
Calculate -11 - -27 - (4 + 3 - -26).
-17
What is the value of 14 + -1 + 10 + -8 + -8?
7
What is the value of -2 - (-10 + 8) - (4 - 0 - -4)?
-8
(-6 - ((-2 - 11) + -5)) + -17 + 12
7
What is the value of 34 + -2 + (9 - 27)?
14
Calculate (3 - 8 - -3) + 6 + -9.
-5
Evaluate -1 - (-1 + (-1 - 5) + 41 + -52).
17
What is the value of -2 + (1 + 1 - -1) - (-40 + 28)?
13
-1 + 1 + (5 - (12 + -12))
5
What is the value of -11 - 8 - -8 - -31?
20
Evaluate -6 - -8 - (7 - 10 - 8).
13
-9 - -17 - (3 + -5 + 1 + 6)
3
Calculate 2 + (-1 - 0) + (-10 - -6) + -5.
-8
What is the value of 0 + 0 + 0 + -6 + 7 - -4?
5
What is 1 - (2 + (-9 - -7) + -4 - 1)?
6
What is the value of 2 + 27 + -38 + (2 - -1)?
-6
(-7 - -6 - -6 - (3 - 1)) + -4
-1
What is the value of -6 - (6 + 4 + -10 + 0)?
-6
What is the value of -7 + (